r of w and 130?
10
Suppose 0 = 27*o + 3 - 111. Suppose -a + f = -420, -o*f + 9 + 1286 = 3*a. Calculate the greatest common factor of a and 25.
25
Suppose r + 5*p - 20 + 0 = 0, 2*r = -5*p + 40. Suppose -9*u - 440 = -r*u. Calculate the highest common factor of u and 800.
40
Let m be (1 - (-1)/(-3))/(3/27). Suppose 34 = -5*r - m. Let l be (-242)/r + (-2)/8. Calculate the greatest common factor of l and 10.
10
Let i(z) = 84*z - 2267. Let a be i(28). What is the greatest common factor of a and 272?
17
Let b(w) = w**3 + 82*w**2 + 86*w + 659. Let h be b(-81). What is the greatest common divisor of 2 and h?
2
Let j(g) = g**3 + 4*g**2 - 14*g + 5. Let l be j(-6). Suppose -l - 46 = -b. Let k = b - 42. What is the highest common divisor of 168 and k?
21
Suppose 70 = 7*g - 2*g. Let u be (-2060)/(-25) + (-6)/(-10). Suppose 20*y - 363 + u = 0. Calculate the highest common divisor of y and g.
14
Suppose -11*a + 12*a + 18*a - 38 = 0. Calculate the greatest common factor of a and 271.
1
Suppose -1 + 2 = v. Suppose 46*w + 6 = 44*w. Let b be w/v*(-20)/6*1. Calculate the greatest common factor of 50 and b.
10
Let a(u) be the second derivative of -1/20*u**5 + 0 + 23/12*u**4 + 18*u - 5*u**3 - 10*u**2. Let y be a(21). Calculate the greatest common factor of 29 and y.
29
Suppose 2*i = 88*y - 93*y + 21606, 2*i = -4*y + 17286. Calculate the highest common factor of y and 400.
80
Suppose c + 34 = z, -2*c = -4*z + 142 - 2. Let f be (-16)/24 + (-2586)/9. Let t = -264 - f. What is the greatest common factor of t and z?
12
Suppose 0 = 3*c + 5*u - 104 + 9, 5*u = 3*c - 145. Suppose -p + 6*p + c = 5*o, -3*o = p - 32. What is the greatest common factor of 55 and o?
5
Suppose 3*i - z - 1541 = i, 0 = 5*i - z - 3851. Let w = 1300 + -1300. Suppose -5*t + w*t = -i. Calculate the highest common divisor of t and 14.
14
Let u(w) = w + 23. Let i be u(-5). Suppose 4*l = -2*g + 760, -5*g + 340 + 1535 = 5*l. Suppose -145 = 5*o - g. What is the highest common factor of i and o?
9
Let q be -28*(-28)/(-40)*(-120)/16. What is the greatest common factor of 357 and q?
21
Let n(o) = 46*o**3 + 16*o**2 - 52*o - 5. Let r be n(3). Calculate the highest common factor of r and 25.
25
Let w(x) = -6*x + 18. Suppose -2*m + m + 4 = 0. Let h be w(m). Let t be (3 + 10/(-4))*h + 17. What is the highest common divisor of t and 2?
2
Suppose -3*b = -b - 854. Let m be b/(-61)*-2*(-14)/(-4). Let i = 98 - m. What is the highest common factor of 7 and i?
7
Suppose -q = -4, 7*t = 10*t - 4*q - 26. Calculate the greatest common factor of t and 6.
2
Let u(n) = 120*n. Let d be u(4). Suppose -d = -4*q + h, -5*q + 239 = 4*h - 340. Calculate the highest common divisor of q and 34.
17
Let f(c) = 237*c + 590. Let o be f(-2). Calculate the greatest common factor of o and 16501.
29
Suppose -5*q = 5*a - 6935, 53*a - 4*q - 4161 = 50*a. What is the highest common divisor of a and 949?
73
Let i = -3 + 3. Let k be (-1)/(-4 - (i - 3)) - -6. What is the greatest common factor of k and 28?
7
Suppose 3*v = 4 + 5. Suppose v*n + 4*y - 10 = 0, y + 5 = -3*n + 3. Let d be (6/(-5))/(46/(-20) - n). What is the highest common factor of d and 1?
1
Let m be (-24)/(-30) - (-44)/(-5). Let c be (-5 - 44/m)/(1/234). What is the highest common divisor of c and 195?
39
Let n = -58 + -7. Let u be (n/4)/(-5) - 1/4. Suppose 0 = 4*d - 10*f + 5*f - 41, -u*d - 5*f = -22. What is the highest common factor of d and 18?
9
Suppose 57 = 30*u - 3. Suppose m = -v + 1, 2*v - u + 0 = 5*m. Let a = -3 - -9. Calculate the greatest common divisor of a and v.
1
Suppose -27*x + 1704 = 44*x. Suppose 0 = -4*t + 65 + 55. Calculate the highest common factor of t and x.
6
Suppose 3*v - 2*h - 483 = 1237, 4*h + 1152 = 2*v. What is the greatest common factor of v and 104?
52
Let b be (-2440)/(-11) - (-1 - (-90)/110). Calculate the greatest common factor of 3 and b.
3
Let b = 24 + -21. Suppose 5*w = h - 488, 2*w + 1412 = -0*h + b*h. Calculate the greatest common factor of 36 and h.
36
Let r(s) = s**2 - 3*s. Let t be r(-3). Let m be 1/1 + 3/(-6)*706. Let x be (m/(-40))/((-2)/(-45)). What is the highest common divisor of x and t?
18
Let r be (-1)/((10/132)/5). Let d = -63 - r. Let w(y) = 7*y + 4. Let m be w(d). What is the highest common divisor of 10 and m?
5
Let c(k) = 2*k**2 + 31*k - 14. Let l be c(-16). Suppose -m + l*m = 91. Let f = 98 - m. What is the greatest common divisor of f and 77?
7
Let v be (7*-1)/(2/((-10)/(-5))). Let s(l) = -38*l - 112. Let d be s(v). What is the greatest common factor of 7 and d?
7
Let w(g) = g**2 - 4*g - 9. Let n be w(9). Let l be (-2804)/(-26) - (-24)/156. Suppose l = j + 5*j. What is the highest common factor of j and n?
18
Let s(b) = 31*b - 28. Let n(t) = -17*t + 14. Let z(l) = 5*n(l) + 2*s(l). Let o be z(-7). Calculate the highest common divisor of o and 75.
25
Let a be (1605/963)/(2/6). Let k = 3 + 0. Suppose -75 = -2*y - k*y. What is the highest common divisor of y and a?
5
Let y(s) = -s**3 + 8*s**2 - 4*s - 18. Let r be y(7). Let b be (r - -2)*((-256)/(-20) - 3). Calculate the greatest common factor of b and 147.
49
Let l be (40/(-16))/((-5)/4)*-9. Let z be 0 - -31 - 9/l*2. Calculate the highest common divisor of z and 256.
32
Let m(i) = -i + 55. Let l be m(0). Let t = 360 - 357. Suppose -4*v = 3*p - 3, -t*v - 5 = -3*p + 19. Calculate the highest common divisor of l and p.
5
Let u be (-1 + -2)/((-111)/54 - -2). Let n be (7 - -2)/(18/(-60)). Let s = 57 + n. Calculate the highest common factor of u and s.
27
Let d(l) = l**2 + 6*l - 82. Let u be d(-15). What is the greatest common divisor of 3392 and u?
53
Let y = 28 - 64. Let w(a) = 2*a + 29. Let j be w(20). Let g be 1/4 + j*(-3)/y. What is the greatest common factor of g and 8?
2
Let y = -14695 - -14827. Calculate the highest common factor of y and 960.
12
Let y = 654 - 638. Let f be (-18)/(-4)*(-16)/(-3). Suppose -d = -4*m + 8*m - 96, f = m + 2*d. What is the highest common factor of y and m?
8
Let d = -5181 + 5962. What is the greatest common factor of 426 and d?
71
Suppose 1407 - 1231 = 11*m. Calculate the greatest common divisor of 23440 and m.
16
Suppose 0 = 18*i - 7*i. Suppose 5*s = f + 460, i = 3*s + s - f - 368. What is the highest common factor of 138 and s?
46
Suppose -4*p + 52 - 36 = 0. Let s(d) = 25*d**2 + 2*d - 16. Let m be s(p). What is the highest common divisor of m and 56?
56
Let o = -86 - -109. Suppose 59 = 2*f + o. What is the greatest common factor of 27 and f?
9
Suppose -3 = -4*d - 7. Let g be 72/48*(1 - d). Let h(j) = 91*j + 13. Let c be h(g). What is the greatest common divisor of 26 and c?
26
Suppose -243 = -3*w + 3*f, -3*w + 278 - 29 = -5*f. Let m = -72 + w. Let t = -22 - -76. Calculate the greatest common divisor of t and m.
6
Let p be 2/22 + (-3951)/(-99). Suppose 5*t + 2*y = 75, 0*t + 4*t + 3*y - 53 = 0. Suppose 0 = -3*j + t + 7. What is the greatest common factor of p and j?
8
Let v = -1014 + 1746. Calculate the greatest common factor of 48 and v.
12
Let s be 4 + -5 + 4 + 2. Let h(r) = 21*r**2 - 5*r - 2. Let m be h(s). Let j = m + -316. Calculate the greatest common factor of 26 and j.
26
Let k(r) = -4*r + 69. Let g be (624/(-28) + 2/7)/(-2). Let i be k(g). What is the highest common factor of i and 475?
25
Let a be 163*((-2)/32 + 10370/544). Calculate the greatest common factor of a and 163.
163
Let g = 8 - -29. Let t(n) = 2*n**2 - 28*n - 66. Let q be t(-9). Suppose 2*j - 15 = -3*j, 3*m = -5*j + q. What is the greatest common factor of g and m?
37
Suppose -37 = -36*r + 35. Let m be r/(-18) - (-2263)/279. Suppose 3*v = 14 - 2. What is the highest common divisor of m and v?
4
Let s = -3636 - -8611. What is the greatest common divisor of 25 and s?
25
Suppose 2*a - 16 = 38. Let p(z) = z**2 - 17*z + 75. Suppose 5*j + 5*c = 30 + 25, -4*c + 29 = 3*j. Let g be p(j). What is the greatest common divisor of g and a?
9
Suppose -228*x + 242*x = 462. Suppose 3*w + 24 = -27. Let q = 16 - w. What is the highest common factor of x and q?
33
Suppose 0 = -7*a + 7. Let x be 4 + a - (-1)/(-4)*12. What is the greatest common factor of x and 34?
2
Let c = 294 - -466. Suppose 5*t + 19*i - 18*i = c, i + 456 = 3*t. Calculate the greatest common divisor of t and 38.
38
Suppose -78*t + 191*t = -131*t + 4636. What is the greatest common factor of 11989 and t?
19
Suppose -v - 18 = -k, -4*k 